{"id":174,"date":"2020-07-11T15:23:00","date_gmt":"2020-07-11T15:23:00","guid":{"rendered":"http:\/\/fewo-uferstrasse.de\/?page_id=174"},"modified":"2025-08-27T14:14:00","modified_gmt":"2025-08-27T14:14:00","slug":"preise","status":"publish","type":"page","link":"https:\/\/fewo-uferstrasse.de\/?page_id=174","title":{"rendered":"Preise"},"content":{"rendered":"\n<h2 class=\"wp-block-heading has-text-color\" style=\"color:#0068a3\">f\u00fcr die Urlaubssaison 2025\/2026<\/h2>\n\n\n\n<p>Liebe G\u00e4ste, Liebe Interessenten,<br>hier finden Sie unsere Saisonpreise und Saisonzeiten f\u00fcr die Urlaubssaison 2025<\/p>\n\n\n\n<figure class=\"wp-block-table\"><table class=\"has-background\" style=\"background-color:#e7f5fe\"><thead><tr><th>*) Reisezeiten<\/th><th><\/th><th>im Jahr 2025<\/th><\/tr><\/thead><tbody><tr><td>Vor- und Nebensaison <\/td><td>C<\/td><td>04.01. &#8211; 29.03.25<\/td><\/tr><tr><td>Zwischensaison<\/td><td>B<\/td><td>29.03. &#8211; 28.06.25<\/td><\/tr><tr><td>Hauptsaison<\/td><td>A<\/td><td>28.06. &#8211; 06.09.25<\/td><\/tr><tr><td>Zwischensaison<\/td><td>B<\/td><td>06.09. &#8211; 01.11.25<\/td><\/tr><tr><td>Vor- und Nebensaison<\/td><td>C<\/td><td>01.11. &#8211; 20.12.25<\/td><\/tr><tr><td>Weihnachten\/ Silvester<\/td><td>A<\/td><td>20.12.25 &#8211; 06.01.26<\/td><\/tr><\/tbody><\/table><\/figure>\n\n\n\n<h2 class=\"wp-block-heading has-text-color\" style=\"color:#0068a3\">f\u00fcr die Urlaubssaison 2026\/2027<\/h2>\n\n\n\n<p>hier finden Sie unsere Saisonpreise und Saisonzeiten f\u00fcr die Urlaubssaison 2026<\/p>\n\n\n\n<figure class=\"wp-block-table\"><table class=\"has-background\" style=\"background-color:#e7f5fe\"><thead><tr><th>*) Reisezeiten<\/th><th><\/th><th>im Jahr 2026<\/th><\/tr><\/thead><tbody><tr><td>Vor- und Nebensaison<\/td><td>C<\/td><td>06.01. &#8211; 28.03.26<\/td><\/tr><tr><td>Zwischensaison<\/td><td>B<\/td><td>28.03. &#8211; 04.07.26<\/td><\/tr><tr><td>Hauptsaison<\/td><td>A<\/td><td>04.07. &#8211; 05.09.26<\/td><\/tr><tr><td>Zwischensaison<\/td><td>B<\/td><td>05.09. &#8211; 31.10.26<\/td><\/tr><tr><td>Vor- und Nebensaison<\/td><td>C<\/td><td>31.10. &#8211; 19.12.26<\/td><\/tr><tr><td>Weihnachten\/ Silvester<\/td><td>A<\/td><td>19.12.26 &#8211; 06.01.27<\/td><\/tr><\/tbody><\/table><\/figure>\n\n\n\n<p>An- und Abreisetag ist der <strong><em>Samstag<\/em>.<\/strong><\/p>\n\n\n\n<p>Bei uns finden Sie ein transparentes und nachvollziehbares, sowie faires Preissystem, das sich an der Belegungszahl orientiert.<\/p>\n\n\n\n<p>Im Basispreise enthalten sind immer <strong>2 Personen,<\/strong> ab 1 Woche Aufenthalt. Dieser beinhaltet alle Nebenkosten wie Strom, Wasser &amp; Co., sowie auch die Endreinigung.<\/p>\n\n\n\n<p>Dazu kommt, wenn sie m\u00f6chten, jeweils ein W\u00e4schepaket, bestehend aus, einem Handtuch, ein Duschtuch und Bettw\u00e4sche &#8211; zzgl. \u20ac 18,00\/Paket.<\/p>\n\n\n\n<p>Das W\u00e4schepaket liegt bei Anreise f\u00fcr sie bereit.<\/p>\n\n\n\n<p>Die Allerkleinsten bis 3 Jahre sind inklusive (keine Bettw\u00e4sche vorhanden).<\/p>\n\n\n\n<p>F\u00fcr jeden weiteren Urlaubsgast betr\u00e4gt der Wochenmietpreis 49,00 \u20ac zzgl. W\u00e4schepaket.<\/p>\n\n\n\n<p>F\u00fcr den Urlaubshund betr\u00e4gt der Wochenmietpreis 52,50\u20ac und ist inklusive Endreinigung.<\/p>\n\n\n\n<p>Vor dem Ferienhaus befindet sich ein Parkplatz. Sollten Sie einen zus\u00e4tzlichen Stellplatz w\u00fcnschen, sprechen Sie uns bitte an, wir k\u00fcmmern uns sehr gerne darum.<\/p>\n\n\n\n<figure class=\"wp-block-table\"><table class=\"has-background\" style=\"background-color:#e7f5fe\"><thead><tr><th>Ihre Reisezeit*<\/th><th><\/th><th>Basispreis 2 Pers.\/Tag<\/th><\/tr><\/thead><tbody><tr><td>Vor- und Nebensaison<\/td><td>C<\/td><td>\u20ac 65,00<\/td><\/tr><tr><td>Zwischensaison (Fr\u00fchling &amp; Herbst)<\/td><td>B<\/td><td>\u20ac 79,00<\/td><\/tr><tr><td>Hauptsaison (Sommer &amp; Silvester)<\/td><td>A<\/td><td>\u20ac 99,00<\/td><\/tr><\/tbody><\/table><\/figure>\n\n\n\n<p>** Bitte beachten Sie, dass die Stadt Wittmund, f\u00fcr den Bereich Carolinensiel-Harlesiel in der Hauptsaison (M\u00e4rz bis Oktober) eine Kurtaxe in H\u00f6he von \u20ac 3,00\/Pers.\/\u00dcN (Kinder 4 &#8211; 15 Jahre &#8211; \u20ac 1,50\/Pers.\/\u00dcN.), und in der Nebensaison (November bis Mitte M\u00e4rz) eine Kurtaxe in H\u00f6he von \u20ac 1,50\/Pers.\/\u00dcN (Kinder 4 &#8211; 15 Jahre sind frei), erhebt. Die Nordsee-ServiceCard (Kurbeitrag) liegt am Anreisetag f\u00fcr sie bereit.<\/p>\n\n\n\n<p><\/p>\n\n\n\n<p>.<\/p>\n\n\n\n<p><\/p>\n\n\n\n<p><\/p>\n\n\n\n<p><\/p>\n","protected":false},"excerpt":{"rendered":"<p>f\u00fcr die Urlaubssaison 2025\/2026 Liebe G\u00e4ste, Liebe Interessenten,hier finden Sie unsere Saisonpreise und Saisonzeiten f\u00fcr die Urlaubssaison 2025 *) Reisezeiten im Jahr 2025 Vor- und<\/p>\n","protected":false},"author":1,"featured_media":0,"parent":0,"menu_order":0,"comment_status":"closed","ping_status":"closed","template":"","meta":{"footnotes":""},"class_list":["post-174","page","type-page","status-publish","hentry"],"_links":{"self":[{"href":"https:\/\/fewo-uferstrasse.de\/index.php?rest_route=\/wp\/v2\/pages\/174","targetHints":{"allow":["GET"]}}],"collection":[{"href":"https:\/\/fewo-uferstrasse.de\/index.php?rest_route=\/wp\/v2\/pages"}],"about":[{"href":"https:\/\/fewo-uferstrasse.de\/index.php?rest_route=\/wp\/v2\/types\/page"}],"author":[{"embeddable":true,"href":"https:\/\/fewo-uferstrasse.de\/index.php?rest_route=\/wp\/v2\/users\/1"}],"replies":[{"embeddable":true,"href":"https:\/\/fewo-uferstrasse.de\/index.php?rest_route=%2Fwp%2Fv2%2Fcomments&post=174"}],"version-history":[{"count":25,"href":"https:\/\/fewo-uferstrasse.de\/index.php?rest_route=\/wp\/v2\/pages\/174\/revisions"}],"predecessor-version":[{"id":520,"href":"https:\/\/fewo-uferstrasse.de\/index.php?rest_route=\/wp\/v2\/pages\/174\/revisions\/520"}],"wp:attachment":[{"href":"https:\/\/fewo-uferstrasse.de\/index.php?rest_route=%2Fwp%2Fv2%2Fmedia&parent=174"}],"curies":[{"name":"wp","href":"https:\/\/api.w.org\/{rel}","templated":true}]}}

<h2 class="wp-block-heading has-text-color" style="color:#0068a3">für die Urlaubssaison 2025/2026</h2>



<p>Liebe Gäste, Liebe Interessenten,<br>hier finden Sie unsere Saisonpreise und Saisonzeiten für die Urlaubssaison 2025</p>



<figure class="wp-block-table"><table class="has-background" style="background-color:#e7f5fe"><thead><tr><th>*) Reisezeiten</th><th></th><th>im Jahr 2025</th></tr></thead><tbody><tr><td>Vor- und Nebensaison </td><td>C</td><td>04.01. &#8211; 29.03.25</td></tr><tr><td>Zwischensaison</td><td>B</td><td>29.03. &#8211; 28.06.25</td></tr><tr><td>Hauptsaison</td><td>A</td><td>28.06. &#8211; 06.09.25</td></tr><tr><td>Zwischensaison</td><td>B</td><td>06.09. &#8211; 01.11.25</td></tr><tr><td>Vor- und Nebensaison</td><td>C</td><td>01.11. &#8211; 20.12.25</td></tr><tr><td>Weihnachten/ Silvester</td><td>A</td><td>20.12.25 &#8211; 06.01.26</td></tr></tbody></table></figure>



<h2 class="wp-block-heading has-text-color" style="color:#0068a3">für die Urlaubssaison 2026/2027</h2>



<p>hier finden Sie unsere Saisonpreise und Saisonzeiten für die Urlaubssaison 2026</p>



<figure class="wp-block-table"><table class="has-background" style="background-color:#e7f5fe"><thead><tr><th>*) Reisezeiten</th><th></th><th>im Jahr 2026</th></tr></thead><tbody><tr><td>Vor- und Nebensaison</td><td>C</td><td>06.01. &#8211; 28.03.26</td></tr><tr><td>Zwischensaison</td><td>B</td><td>28.03. &#8211; 04.07.26</td></tr><tr><td>Hauptsaison</td><td>A</td><td>04.07. &#8211; 05.09.26</td></tr><tr><td>Zwischensaison</td><td>B</td><td>05.09. &#8211; 31.10.26</td></tr><tr><td>Vor- und Nebensaison</td><td>C</td><td>31.10. &#8211; 19.12.26</td></tr><tr><td>Weihnachten/ Silvester</td><td>A</td><td>19.12.26 &#8211; 06.01.27</td></tr></tbody></table></figure>



<p>An- und Abreisetag ist der <strong><em>Samstag</em>.</strong></p>



<p>Bei uns finden Sie ein transparentes und nachvollziehbares, sowie faires Preissystem, das sich an der Belegungszahl orientiert.</p>



<p>Im Basispreise enthalten sind immer <strong>2 Personen,</strong> ab 1 Woche Aufenthalt. Dieser beinhaltet alle Nebenkosten wie Strom, Wasser &amp; Co., sowie auch die Endreinigung.</p>



<p>Dazu kommt, wenn sie möchten, jeweils ein Wäschepaket, bestehend aus, einem Handtuch, ein Duschtuch und Bettwäsche &#8211; zzgl. € 18,00/Paket.</p>



<p>Das Wäschepaket liegt bei Anreise für sie bereit.</p>



<p>Die Allerkleinsten bis 3 Jahre sind inklusive (keine Bettwäsche vorhanden).</p>



<p>Für jeden weiteren Urlaubsgast beträgt der Wochenmietpreis 49,00 € zzgl. Wäschepaket.</p>



<p>Für den Urlaubshund beträgt der Wochenmietpreis 52,50€ und ist inklusive Endreinigung.</p>



<p>Vor dem Ferienhaus befindet sich ein Parkplatz. Sollten Sie einen zusätzlichen Stellplatz wünschen, sprechen Sie uns bitte an, wir kümmern uns sehr gerne darum.</p>



<figure class="wp-block-table"><table class="has-background" style="background-color:#e7f5fe"><thead><tr><th>Ihre Reisezeit*</th><th></th><th>Basispreis 2 Pers./Tag</th></tr></thead><tbody><tr><td>Vor- und Nebensaison</td><td>C</td><td>€ 65,00</td></tr><tr><td>Zwischensaison (Frühling &amp; Herbst)</td><td>B</td><td>€ 79,00</td></tr><tr><td>Hauptsaison (Sommer &amp; Silvester)</td><td>A</td><td>€ 99,00</td></tr></tbody></table></figure>



<p>** Bitte beachten Sie, dass die Stadt Wittmund, für den Bereich Carolinensiel-Harlesiel in der Hauptsaison (März bis Oktober) eine Kurtaxe in Höhe von € 3,00/Pers./ÜN (Kinder 4 &#8211; 15 Jahre &#8211; € 1,50/Pers./ÜN.), und in der Nebensaison (November bis Mitte März) eine Kurtaxe in Höhe von € 1,50/Pers./ÜN (Kinder 4 &#8211; 15 Jahre sind frei), erhebt. Die Nordsee-ServiceCard (Kurbeitrag) liegt am Anreisetag für sie bereit.</p>



<p></p>



<p>.</p>



<p></p>



<p></p>



<p></p>

<p>für die Urlaubssaison 2025/2026 Liebe Gäste, Liebe Interessenten,hier finden Sie unsere Saisonpreise und Saisonzeiten für die Urlaubssaison 2025 *) Reisezeiten im Jahr 2025 Vor- und</p>
